{"id":2543,"date":"2024-09-20T03:35:07","date_gmt":"2024-09-20T01:35:07","guid":{"rendered":"https:\/\/www.filmmisiones.iaavim.gob.ar\/?page_id=2543"},"modified":"2024-09-20T03:37:40","modified_gmt":"2024-09-20T01:37:40","slug":"productora-de-la-tierra","status":"publish","type":"page","link":"https:\/\/www.filmmisiones.iaavim.gob.ar\/?page_id=2543","title":{"rendered":"PRODUCTORA DE LA TIERRA"},"content":{"rendered":"<div class=\"wpb-content-wrapper\"><p>[vc_row][vc_column][chase_text]<\/p>\n<h1 style=\"text-align: center;\"><strong>PRODUCTORA DE LA TIERRA<\/strong><\/h1>\n<p>[\/chase_text][\/vc_column][\/vc_row][vc_row][vc_column width=\u00bb1\/4&#8243;][vc_single_image image=\u00bb2546&#8243; img_size=\u00bbfull\u00bb alignment=\u00bbcenter\u00bb css=\u00bb\u00bb][\/vc_column][vc_column width=\u00bb3\/4&#8243;][chase_text]<span style=\"color: #000000;\"><strong>PRODUCTORA DE LA TIERRA<\/strong>\u00a0es una cooperativa de Misiones, Argentina que lleva m\u00e1s de quince a\u00f1os de experiencia en la realizaci\u00f3n de diversas obras audiovisuales en diversos formatos (largometrajes, cortometrajes, institucionales\u00a0y series). A lo largo de su trayectoria ha sido capaz de desarrollar un equipo de profesionales capacitado para afrontar cualquier tipo de producci\u00f3n en todas sus \u00e1reas.\u00a0<\/span>[\/chase_text][\/vc_column][\/vc_row][vc_row][vc_column width=\u00bb1\/6&#8243;][\/vc_column][vc_column width=\u00bb2\/3&#8243;][chase_text]<\/p>\n<p style=\"text-align: center;\"><img loading=\"lazy\" decoding=\"async\" class=\"wp-image-2440 aligncenter\" src=\"https:\/\/sdanielgf.ar\/lab\/iaavim\/wp-content\/uploads\/2024\/07\/iconografia-casas-productoras_contacto.png\" alt=\"\" width=\"50\" height=\"50\" \/> Juan Ferreira<\/p>\n<p>[\/chase_text][chase_help][chase_help_item con_icon=\u00bbicon-ic-77&#8243; title=\u00bbLocalidad\u00bb text=\u00bbOber\u00e1, Puerto Esperanza y Posadas (En Misiones) Sunchales (Santa Fe)\u00bb tab=\u00bbLocalidad\u00bb][chase_help_item con_icon=\u00bbicon-ic-58&#8243; title=\u00bbDirecci\u00f3n Postal\u00bb text=\u00bbLegal y fiscal Gobernador Barreyro 1302, Ober\u00e1 Misiones CP3360<\/p>\n<p>Correspondencia San Mart\u00edn 1069, Ober\u00e1, Argentina, 3360&#8243; tab=\u00bbDirecci\u00f3n Postal\u00bb][chase_help_item con_icon=\u00bbicon-ic-29&#8243; title=\u00bbTel\u00e9fono\u00bb text=\u00bb3757 527309 \/ 3755 663266 \/ 3755 663263&#8243; tab=\u00bbTel\u00e9fono\u00bb][chase_help_item con_icon=\u00bbicon-ic-28&#8243; title=\u00bbCorreo\u00bb text=\u00bbproductoradelatierra@gmail.com\u00bb tab=\u00bbCorreo\u00bb][\/chase_help][vc_empty_space height=\u00bb22px\u00bb][\/vc_column][vc_column width=\u00bb1\/6&#8243;][\/vc_column][\/vc_row][vc_row][vc_column width=\u00bb1\/4&#8243;][\/vc_column][vc_column width=\u00bb1\/2&#8243;][chase_text]<span style=\"color: #000000;\"><strong>Sitio web:<\/strong><br \/>\n<\/span><a href=\"https:\/\/www.productoradelatierra.org\/\">https:\/\/www.productoradelatierra.org\/<\/a>[\/chase_text][chase_text]<span style=\"color: #000000;\"><strong>Redes Sociales:<\/strong><\/span><\/p>\n<div><a href=\"https:\/\/www.instagram.com\/productoradelatierra\/\" target=\"_blank\" rel=\"noopener noreferrer\" data-saferedirecturl=\"https:\/\/www.google.com\/url?q=https:\/\/www.instagram.com\/productoradelatierra\/&amp;source=gmail&amp;ust=1726882467370000&amp;usg=AOvVaw11UWS_bz9LCRiNTwPmfx2s\">https:\/\/www.instagram.com\/<wbr \/>productoradelatierra\/<\/a><\/div>\n<div><a href=\"https:\/\/www.facebook.com\/productoradelatierra\" target=\"_blank\" rel=\"noopener noreferrer\" data-saferedirecturl=\"https:\/\/www.google.com\/url?q=https:\/\/www.facebook.com\/productoradelatierra&amp;source=gmail&amp;ust=1726882467370000&amp;usg=AOvVaw0pZdpeSzXlkIDuUOup4ISc\">https:\/\/www.facebook.com\/<wbr \/>productoradelatierra<\/a><\/div>\n<p>[\/chase_text][chase_text]<span style=\"color: #000000;\"><strong>Trabajos de la productora:<\/strong><\/span><br \/>\n<a href=\"https:\/\/vimeo.com\/198766877\">https:\/\/vimeo.com\/198766877<\/a>[\/chase_text][\/vc_column][vc_column width=\u00bb1\/4&#8243;][\/vc_column][\/vc_row][vc_row][vc_column][vc_empty_space][\/vc_column][\/vc_row]<\/p>\n<\/div>","protected":false},"excerpt":{"rendered":"<p>[vc_row][vc_column][chase_text] PRODUCTORA DE LA TIERRA [\/chase_text][\/vc_column][\/vc_row][vc_row][vc_column width=\u00bb1\/4&#8243;][vc_single_image image=\u00bb2546&#8243; img_size=\u00bbfull\u00bb alignment=\u00bbcenter\u00bb css=\u00bb\u00bb][\/vc_column][vc_column width=\u00bb3\/4&#8243;][chase_text]PRODUCTORA DE LA TIERRA\u00a0es una cooperativa de Misiones, Argentina que lleva m\u00e1s de quince a\u00f1os de experiencia en la realizaci\u00f3n de diversas obras audiovisuales en diversos formatos (largometrajes, cortometrajes, institucionales\u00a0y series). A lo largo de su trayectoria ha sido capaz de desarrollar un equipo [&hellip;]<\/p>\n","protected":false},"author":1,"featured_media":0,"parent":0,"menu_order":0,"comment_status":"closed","ping_status":"closed","template":"","meta":{"footnotes":""},"class_list":["post-2543","page","type-page","status-publish","hentry"],"_links":{"self":[{"href":"https:\/\/www.filmmisiones.iaavim.gob.ar\/index.php?rest_route=\/wp\/v2\/pages\/2543","targetHints":{"allow":["GET"]}}],"collection":[{"href":"https:\/\/www.filmmisiones.iaavim.gob.ar\/index.php?rest_route=\/wp\/v2\/pages"}],"about":[{"href":"https:\/\/www.filmmisiones.iaavim.gob.ar\/index.php?rest_route=\/wp\/v2\/types\/page"}],"author":[{"embeddable":true,"href":"https:\/\/www.filmmisiones.iaavim.gob.ar\/index.php?rest_route=\/wp\/v2\/users\/1"}],"replies":[{"embeddable":true,"href":"https:\/\/www.filmmisiones.iaavim.gob.ar\/index.php?rest_route=%2Fwp%2Fv2%2Fcomments&post=2543"}],"version-history":[{"count":6,"href":"https:\/\/www.filmmisiones.iaavim.gob.ar\/index.php?rest_route=\/wp\/v2\/pages\/2543\/revisions"}],"predecessor-version":[{"id":2550,"href":"https:\/\/www.filmmisiones.iaavim.gob.ar\/index.php?rest_route=\/wp\/v2\/pages\/2543\/revisions\/2550"}],"wp:attachment":[{"href":"https:\/\/www.filmmisiones.iaavim.gob.ar\/index.php?rest_route=%2Fwp%2Fv2%2Fmedia&parent=2543"}],"curies":[{"name":"wp","href":"https:\/\/api.w.org\/{rel}","templated":true}]}}

<div class="wpb-content-wrapper"><p>[vc_row][vc_column][chase_text]</p>
<h1 style="text-align: center;"><strong>PRODUCTORA DE LA TIERRA</strong></h1>
<p>[/chase_text][/vc_column][/vc_row][vc_row][vc_column width=»1/4&#8243;][vc_single_image image=»2546&#8243; img_size=»full» alignment=»center» css=»»][/vc_column][vc_column width=»3/4&#8243;][chase_text]<span style="color: #000000;"><strong>PRODUCTORA DE LA TIERRA</strong> es una cooperativa de Misiones, Argentina que lleva más de quince años de experiencia en la realización de diversas obras audiovisuales en diversos formatos (largometrajes, cortometrajes, institucionales y series). A lo largo de su trayectoria ha sido capaz de desarrollar un equipo de profesionales capacitado para afrontar cualquier tipo de producción en todas sus áreas. </span>[/chase_text][/vc_column][/vc_row][vc_row][vc_column width=»1/6&#8243;][/vc_column][vc_column width=»2/3&#8243;][chase_text]</p>
<p style="text-align: center;"><img loading="lazy" decoding="async" class="wp-image-2440 aligncenter" src="https://sdanielgf.ar/lab/iaavim/wp-content/uploads/2024/07/iconografia-casas-productoras_contacto.png" alt="" width="50" height="50" /> Juan Ferreira</p>
<p>[/chase_text][chase_help][chase_help_item con_icon=»icon-ic-77&#8243; title=»Localidad» text=»Oberá, Puerto Esperanza y Posadas (En Misiones) Sunchales (Santa Fe)» tab=»Localidad»][chase_help_item con_icon=»icon-ic-58&#8243; title=»Dirección Postal» text=»Legal y fiscal Gobernador Barreyro 1302, Oberá Misiones CP3360</p>
<p>Correspondencia San Martín 1069, Oberá, Argentina, 3360&#8243; tab=»Dirección Postal»][chase_help_item con_icon=»icon-ic-29&#8243; title=»Teléfono» text=»3757 527309 / 3755 663266 / 3755 663263&#8243; tab=»Teléfono»][chase_help_item con_icon=»icon-ic-28&#8243; title=»Correo» text=»productoradelatierra@gmail.com» tab=»Correo»][/chase_help][vc_empty_space height=»22px»][/vc_column][vc_column width=»1/6&#8243;][/vc_column][/vc_row][vc_row][vc_column width=»1/4&#8243;][/vc_column][vc_column width=»1/2&#8243;][chase_text]<span style="color: #000000;"><strong>Sitio web:</strong><br />
</span><a href="https://www.productoradelatierra.org/">https://www.productoradelatierra.org/</a>[/chase_text][chase_text]<span style="color: #000000;"><strong>Redes Sociales:</strong></span></p>
<div><a href="https://www.instagram.com/productoradelatierra/" target="_blank" rel="noopener noreferrer" data-saferedirecturl="https://www.google.com/url?q=https://www.instagram.com/productoradelatierra/&amp;source=gmail&amp;ust=1726882467370000&amp;usg=AOvVaw11UWS_bz9LCRiNTwPmfx2s">https://www.instagram.com/<wbr />productoradelatierra/</a></div>
<div><a href="https://www.facebook.com/productoradelatierra" target="_blank" rel="noopener noreferrer" data-saferedirecturl="https://www.google.com/url?q=https://www.facebook.com/productoradelatierra&amp;source=gmail&amp;ust=1726882467370000&amp;usg=AOvVaw0pZdpeSzXlkIDuUOup4ISc">https://www.facebook.com/<wbr />productoradelatierra</a></div>
<p>[/chase_text][chase_text]<span style="color: #000000;"><strong>Trabajos de la productora:</strong></span><br />
<a href="https://vimeo.com/198766877">https://vimeo.com/198766877</a>[/chase_text][/vc_column][vc_column width=»1/4&#8243;][/vc_column][/vc_row][vc_row][vc_column][vc_empty_space][/vc_column][/vc_row]</p>
</div>

<p>[vc_row][vc_column][chase_text] PRODUCTORA DE LA TIERRA [/chase_text][/vc_column][/vc_row][vc_row][vc_column width=»1/4&#8243;][vc_single_image image=»2546&#8243; img_size=»full» alignment=»center» css=»»][/vc_column][vc_column width=»3/4&#8243;][chase_text]PRODUCTORA DE LA TIERRA es una cooperativa de Misiones, Argentina que lleva más de quince años de experiencia en la realización de diversas obras audiovisuales en diversos formatos (largometrajes, cortometrajes, institucionales y series). A lo largo de su trayectoria ha sido capaz de desarrollar un equipo [&hellip;]</p>
