{"id":2376,"date":"2024-08-29T22:57:36","date_gmt":"2024-08-29T20:57:36","guid":{"rendered":"https:\/\/www.filmmisiones.iaavim.gob.ar\/?page_id=2376"},"modified":"2025-09-12T10:41:07","modified_gmt":"2025-09-12T13:41:07","slug":"ciudades","status":"publish","type":"page","link":"https:\/\/www.filmmisiones.iaavim.gob.ar\/?page_id=2376","title":{"rendered":"Ciudades"},"content":{"rendered":"<div class=\"wpb-content-wrapper\"><p>[vc_row full_width=\u00bbstretch_row_content\u00bb][vc_column][chase_heading overlay=\u00bbyes\u00bb title=\u00bbCiudades\u00bb image=\u00bb2331&#8243;][\/vc_column][\/vc_row][vc_row][vc_column][chase_text]<\/p>\n<p style=\"text-align: center;\">La provincia de Misiones se caracteriza por su rica diversidad cultural y natural. Su capital, Posadas, se sit\u00faa a la orilla del r\u00edo Paran\u00e1 y es un importante centro comercial y administrativo. Ober\u00e1, conocida por su vibrante vida cultural, celebra numerosos festivales que resaltan sus tradiciones. Puerto Iguaz\u00fa, famosa por las espectaculares Cataratas del Iguaz\u00fa, es un destino tur\u00edstico clave. Otras ciudades como Eldorado, con su historia de colonizaci\u00f3n, y San Vicente, con su producci\u00f3n agr\u00edcola, tambi\u00e9n son relevantes en la provincia. En conjunto, estas ciudades reflejan la belleza natural y la pluralidad cultural de Misiones.<\/p>\n<p>[\/chase_text][vc_empty_space][\/vc_column][\/vc_row][vc_section][\/vc_section][vc_row][vc_column width=\u00bb1\/3&#8243;][vc_single_image image=\u00bb2725&#8243; img_size=\u00bb1024&#215;720&#8243; alignment=\u00bbcenter\u00bb onclick=\u00bbcustom_link\u00bb img_link_target=\u00bb_blank\u00bb css=\u00bb\u00bb link=\u00bbhttps:\/\/www.filmmisiones.iaavim.gob.ar\/?page_id=2723&#8243;][chase_text]<\/p>\n<p style=\"text-align: center;\"><a href=\"https:\/\/www.filmmisiones.iaavim.gob.ar\/?page_id=2723\" target=\"_blank\" rel=\"noopener\"><span style=\"font-size: 24pt;\">Cerro Pel\u00f3n<\/span><\/a><\/p>\n<p>[\/chase_text][\/vc_column][vc_column width=\u00bb1\/3&#8243;][vc_single_image image=\u00bb2673&#8243; img_size=\u00bb1024&#215;720&#8243; alignment=\u00bbcenter\u00bb onclick=\u00bbcustom_link\u00bb img_link_target=\u00bb_blank\u00bb css=\u00bb\u00bb link=\u00bbhttps:\/\/www.filmmisiones.iaavim.gob.ar\/?page_id=2644&#8243;][chase_text]<\/p>\n<p style=\"text-align: center;\"><a href=\"https:\/\/www.filmmisiones.iaavim.gob.ar\/?page_id=2644\"><span style=\"font-size: 24pt;\">Silicon Misiones<\/span><\/a><\/p>\n<p>[\/chase_text][\/vc_column][vc_column width=\u00bb1\/3&#8243;][vc_single_image image=\u00bb2719&#8243; img_size=\u00bb1024&#215;720&#8243; alignment=\u00bbcenter\u00bb onclick=\u00bbcustom_link\u00bb img_link_target=\u00bb_blank\u00bb css=\u00bb\u00bb link=\u00bbhttps:\/\/www.filmmisiones.iaavim.gob.ar\/?page_id=2572&#8243;][chase_text]<\/p>\n<p style=\"text-align: center;\"><a href=\"https:\/\/www.filmmisiones.iaavim.gob.ar\/?page_id=2572\"><span style=\"font-size: 24pt;\">Bajada Vieja<\/span><\/a><\/p>\n<p>[\/chase_text][\/vc_column][\/vc_row][vc_row][vc_column width=\u00bb1\/3&#8243;][vc_single_image image=\u00bb2746&#8243; img_size=\u00bb1024&#215;720&#8243; alignment=\u00bbcenter\u00bb onclick=\u00bbcustom_link\u00bb img_link_target=\u00bb_blank\u00bb css=\u00bb\u00bb link=\u00bbhttps:\/\/www.filmmisiones.iaavim.gob.ar\/?page_id=2740&#8243;][chase_text]<\/p>\n<p style=\"text-align: center;\"><a href=\"https:\/\/www.filmmisiones.iaavim.gob.ar\/?page_id=2740\" target=\"_blank\" rel=\"noopener\"><span style=\"font-size: 24pt;\">Barrio Villa Sarita <\/span><\/a><\/p>\n<p>[\/chase_text][\/vc_column][vc_column width=\u00bb1\/3&#8243;][vc_single_image image=\u00bb3027&#8243; img_size=\u00bb1024&#215;720&#8243; alignment=\u00bbcenter\u00bb onclick=\u00bbcustom_link\u00bb img_link_target=\u00bb_blank\u00bb css=\u00bb\u00bb link=\u00bbhttps:\/\/www.filmmisiones.iaavim.gob.ar\/?page_id=3246&#8243;][chase_text]<\/p>\n<p style=\"text-align: center;\"><a href=\"https:\/\/www.filmmisiones.iaavim.gob.ar\/?page_id=3246\" target=\"_blank\" rel=\"noopener\"><span style=\"font-size: 24pt;\">Barrio Aguacates<\/span><\/a><\/p>\n<p>[\/chase_text][\/vc_column][vc_column width=\u00bb1\/3&#8243;][vc_single_image image=\u00bb3220&#8243; img_size=\u00bb1024&#215;720&#8243; alignment=\u00bbcenter\u00bb onclick=\u00bbcustom_link\u00bb img_link_target=\u00bb_blank\u00bb css=\u00bb\u00bb link=\u00bbhttps:\/\/www.filmmisiones.iaavim.gob.ar\/?page_id=3177&#8243;][chase_text]<\/p>\n<p style=\"text-align: center;\"><span style=\"font-family: georgia, palatino, serif; font-size: 24pt;\"><a href=\"https:\/\/www.filmmisiones.iaavim.gob.ar\/?page_id=3177\" target=\"_blank\" rel=\"noopener\">Estancia Santa In\u00e9s<\/a>\u00a0<\/span><\/p>\n<p>[\/chase_text][\/vc_column][\/vc_row][vc_row][vc_column width=\u00bb1\/3&#8243;][vc_single_image image=\u00bb3297&#8243; img_size=\u00bb1024&#215;720&#8243; alignment=\u00bbcenter\u00bb onclick=\u00bbcustom_link\u00bb img_link_target=\u00bb_blank\u00bb css=\u00bb\u00bb link=\u00bbhttps:\/\/www.filmmisiones.iaavim.gob.ar\/?page_id=3294&#8243;][chase_text]<\/p>\n<p style=\"text-align: center;\"><a href=\"https:\/\/www.filmmisiones.iaavim.gob.ar\/?page_id=3294\"><span style=\"font-size: 24pt;\">Pasaje de la Ribera<\/span><\/a><\/p>\n<p>[\/chase_text][\/vc_column][vc_column width=\u00bb1\/3&#8243;][vc_single_image image=\u00bb3376&#8243; img_size=\u00bb1024&#215;720&#8243; alignment=\u00bbcenter\u00bb onclick=\u00bbcustom_link\u00bb css=\u00bb\u00bb link=\u00bbhttps:\/\/www.filmmisiones.iaavim.gob.ar\/?page_id=3401&#8243;][chase_text]<\/p>\n<p style=\"text-align: center;\"><a href=\"https:\/\/www.filmmisiones.iaavim.gob.ar\/?page_id=3401\" target=\"_blank\" rel=\"noopener\"><span style=\"font-size: 24pt;\">Cementerio <\/span><span style=\"font-size: 24pt;\">La Piedad<\/span><\/a><\/p>\n<p>[\/chase_text][\/vc_column][vc_column width=\u00bb1\/3&#8243;][vc_single_image image=\u00bb3434&#8243; img_size=\u00bb1024&#215;720&#8243; alignment=\u00bbcenter\u00bb onclick=\u00bbcustom_link\u00bb img_link_target=\u00bb_blank\u00bb css=\u00bb\u00bb link=\u00bbhttps:\/\/www.filmmisiones.iaavim.gob.ar\/?page_id=3456&#8243;][chase_text]<\/p>\n<p style=\"text-align: center;\"><span style=\"font-family: georgia, palatino, serif;\"><a href=\"https:\/\/www.filmmisiones.iaavim.gob.ar\/?page_id=3456\"><span style=\"font-size: 24pt;\">Casa El Castillo<\/span><\/a><\/span><\/p>\n<p>[\/chase_text][\/vc_column][\/vc_row][vc_row][vc_column width=\u00bb1\/3&#8243;][vc_single_image image=\u00bb3478&#8243; img_size=\u00bb1024&#215;720&#8243; alignment=\u00bbcenter\u00bb onclick=\u00bbcustom_link\u00bb img_link_target=\u00bb_blank\u00bb css=\u00bb\u00bb link=\u00bbhttps:\/\/www.filmmisiones.iaavim.gob.ar\/?page_id=3487&#8243;][chase_text]<\/p>\n<p style=\"text-align: center;\"><a href=\"https:\/\/www.filmmisiones.iaavim.gob.ar\/?page_id=3487\"><span style=\"font-size: 24pt;\">Farmacia Mocon\u00e1<\/span><\/a><\/p>\n<p>[\/chase_text][\/vc_column][vc_column width=\u00bb1\/3&#8243;][vc_single_image image=\u00bb3502&#8243; img_size=\u00bb1024&#215;720&#8243; alignment=\u00bbcenter\u00bb onclick=\u00bbcustom_link\u00bb img_link_target=\u00bb_blank\u00bb css=\u00bb\u00bb link=\u00bbhttps:\/\/www.filmmisiones.iaavim.gob.ar\/?page_id=3512&#8243;][chase_text]<\/p>\n<p style=\"text-align: center;\"><span style=\"font-family: georgia, palatino, serif;\"><a href=\"https:\/\/www.filmmisiones.iaavim.gob.ar\/?page_id=3512\"><span style=\"font-size: 24pt;\">Lancher\u00eda Adriana<\/span><\/a><\/span><\/p>\n<p>[\/chase_text][\/vc_column][vc_column width=\u00bb1\/3&#8243;][vc_single_image image=\u00bb3555&#8243; img_size=\u00bb1024&#215;720&#8243; alignment=\u00bbcenter\u00bb onclick=\u00bbcustom_link\u00bb img_link_target=\u00bb_blank\u00bb css=\u00bb\u00bb link=\u00bbhttps:\/\/www.filmmisiones.iaavim.gob.ar\/?page_id=3548&#8243;][chase_text]<\/p>\n<p style=\"text-align: center;\"><a href=\"https:\/\/www.filmmisiones.iaavim.gob.ar\/?page_id=3548\"><span style=\"font-size: 24pt;\">Municipalidad El Soberbio<\/span><\/a><\/p>\n<p>[\/chase_text][\/vc_column][\/vc_row][vc_row][vc_column width=\u00bb1\/3&#8243;][vc_single_image image=\u00bb3569&#8243; img_size=\u00bb1024&#215;720&#8243; alignment=\u00bbcenter\u00bb onclick=\u00bbcustom_link\u00bb img_link_target=\u00bb_blank\u00bb css=\u00bb\u00bb link=\u00bbhttps:\/\/www.filmmisiones.iaavim.gob.ar\/?page_id=3575&#8243;][chase_text]<\/p>\n<p style=\"text-align: center;\"><a href=\"https:\/\/www.filmmisiones.iaavim.gob.ar\/?page_id=3575\"><span style=\"font-size: 24pt;\">Parrilla y Rest\u00f3 Espetinhos<\/span><\/a><\/p>\n<p>[\/chase_text][\/vc_column][vc_column width=\u00bb1\/3&#8243;][vc_single_image image=\u00bb3607&#8243; img_size=\u00bb1024&#215;720&#8243; alignment=\u00bbcenter\u00bb onclick=\u00bbcustom_link\u00bb img_link_target=\u00bb_blank\u00bb css=\u00bb\u00bb link=\u00bbhttps:\/\/www.filmmisiones.iaavim.gob.ar\/?page_id=3612&#8243;][chase_text]<\/p>\n<p style=\"text-align: center;\"><a href=\"https:\/\/www.filmmisiones.iaavim.gob.ar\/?page_id=3612\"><span style=\"font-size: 24pt;\">Cementerio Leandro N. Alem<\/span><\/a><\/p>\n<p>[\/chase_text][\/vc_column][vc_column width=\u00bb1\/3&#8243;][vc_single_image image=\u00bb3632&#8243; img_size=\u00bb1024&#215;720&#8243; alignment=\u00bbcenter\u00bb onclick=\u00bbcustom_link\u00bb img_link_target=\u00bb_blank\u00bb css=\u00bb\u00bb link=\u00bbhttps:\/\/www.filmmisiones.iaavim.gob.ar\/?page_id=3651&#8243;][chase_text]<\/p>\n<p style=\"text-align: center;\"><a href=\"https:\/\/www.filmmisiones.iaavim.gob.ar\/?page_id=3651\"><span style=\"font-size: 24pt;\">Secadero Don Leandro<\/span><\/a><\/p>\n<p>[\/chase_text][\/vc_column][\/vc_row][vc_row][vc_column width=\u00bb1\/3&#8243;][vc_single_image image=\u00bb3728&#8243; img_size=\u00bb1024&#215;720&#8243; alignment=\u00bbcenter\u00bb onclick=\u00bbcustom_link\u00bb img_link_target=\u00bb_blank\u00bb css=\u00bb\u00bb link=\u00bbhttps:\/\/www.filmmisiones.iaavim.gob.ar\/?page_id=3733&#8243;][chase_text]<\/p>\n<p style=\"text-align: center;\"><a href=\"https:\/\/www.filmmisiones.iaavim.gob.ar\/?page_id=3733\"><span style=\"font-size: 24pt;\">Plaza del Bicentenario<\/span><\/a><\/p>\n<p>[\/chase_text][\/vc_column][vc_column width=\u00bb1\/3&#8243;][vc_single_image image=\u00bb3757&#8243; img_size=\u00bb1024&#215;720&#8243; alignment=\u00bbcenter\u00bb onclick=\u00bbcustom_link\u00bb img_link_target=\u00bb_blank\u00bb css=\u00bb\u00bb link=\u00bbhttps:\/\/www.filmmisiones.iaavim.gob.ar\/?page_id=3747&#8243;][chase_text]<\/p>\n<p style=\"text-align: center;\"><span style=\"font-family: georgia, palatino, serif; font-size: 24pt;\"><a href=\"https:\/\/www.filmmisiones.iaavim.gob.ar\/?page_id=3747\">Centro C\u00edvico Leandro N. Alem<\/a><\/span><\/p>\n<p>[\/chase_text][\/vc_column][vc_column width=\u00bb1\/3&#8243;][vc_single_image image=\u00bb3896&#8243; img_size=\u00bb1024&#215;720&#8243; alignment=\u00bbcenter\u00bb onclick=\u00bbcustom_link\u00bb img_link_target=\u00bb_blank\u00bb css=\u00bb\u00bb link=\u00bbhttps:\/\/www.filmmisiones.iaavim.gob.ar\/?page_id=3886&#8243;][chase_text]<\/p>\n<p style=\"text-align: center;\"><span style=\"font-family: georgia, palatino, serif;\"><a href=\"https:\/\/www.filmmisiones.iaavim.gob.ar\/?page_id=3886\"><span style=\"font-size: 24pt;\">Calles Leandro N. Alem<\/span><\/a><\/span><\/p>\n<p>[\/chase_text][\/vc_column][\/vc_row][vc_row][vc_column width=\u00bb1\/3&#8243;][vc_single_image image=\u00bb3942&#8243; img_size=\u00bb1024&#215;720&#8243; alignment=\u00bbcenter\u00bb onclick=\u00bbcustom_link\u00bb img_link_target=\u00bb_blank\u00bb css=\u00bb\u00bb link=\u00bbhttps:\/\/www.filmmisiones.iaavim.gob.ar\/?page_id=3930&#8243;][chase_text]<\/p>\n<p style=\"text-align: center;\"><a href=\"https:\/\/www.filmmisiones.iaavim.gob.ar\/?page_id=3930\"><span style=\"font-size: 24pt;\">Beyco Restobar<\/span><\/a><\/p>\n<p>[\/chase_text][\/vc_column][vc_column width=\u00bb1\/3&#8243;][vc_single_image image=\u00bb3964&#8243; img_size=\u00bb1024&#215;720&#8243; alignment=\u00bbcenter\u00bb onclick=\u00bbcustom_link\u00bb img_link_target=\u00bb_blank\u00bb css=\u00bb\u00bb link=\u00bbhttps:\/\/www.filmmisiones.iaavim.gob.ar\/?page_id=3991&#8243;][chase_text]<\/p>\n<p style=\"text-align: center;\"><span style=\"font-size: 24pt; font-family: georgia, palatino, serif;\"><a href=\"https:\/\/www.filmmisiones.iaavim.gob.ar\/?page_id=3991\">Casa Kalin<\/a><\/span><\/p>\n<p>[\/chase_text][\/vc_column][vc_column width=\u00bb1\/3&#8243;][vc_single_image image=\u00bb4005&#8243; img_size=\u00bb1024&#215;720&#8243; alignment=\u00bbcenter\u00bb onclick=\u00bbcustom_link\u00bb img_link_target=\u00bb_blank\u00bb css=\u00bb\u00bb link=\u00bbhttps:\/\/www.filmmisiones.iaavim.gob.ar\/?page_id=4028&#8243;][chase_text]<\/p>\n<p style=\"text-align: center;\"><span style=\"font-family: georgia, palatino, serif; font-size: 24pt;\"><a href=\"https:\/\/www.filmmisiones.iaavim.gob.ar\/?page_id=4028\">Casa Abandonada<\/a><\/span><\/p>\n<p>[\/chase_text][\/vc_column][\/vc_row][vc_row][vc_column width=\u00bb1\/3&#8243;][vc_single_image image=\u00bb4047&#8243; img_size=\u00bb1024&#215;720&#8243; alignment=\u00bbcenter\u00bb onclick=\u00bbcustom_link\u00bb img_link_target=\u00bb_blank\u00bb css=\u00bb\u00bb link=\u00bbhttps:\/\/www.filmmisiones.iaavim.gob.ar\/?page_id=4062&#8243;][chase_text]<\/p>\n<p style=\"text-align: center;\"><a href=\"https:\/\/www.filmmisiones.iaavim.gob.ar\/?page_id=4062\"><span style=\"font-size: 24pt;\">Estaci\u00f3n de Servicio Antigua YPF<\/span><\/a><\/p>\n<p>[\/chase_text][\/vc_column][vc_column width=\u00bb1\/3&#8243;][vc_single_image image=\u00bb4079&#8243; img_size=\u00bb1024&#215;720&#8243; alignment=\u00bbcenter\u00bb onclick=\u00bbcustom_link\u00bb img_link_target=\u00bb_blank\u00bb css=\u00bb\u00bb link=\u00bbhttps:\/\/www.filmmisiones.iaavim.gob.ar\/?page_id=4109&#8243;][chase_text]<\/p>\n<p style=\"text-align: center;\"><span style=\"font-family: georgia, palatino, serif;\"><a href=\"https:\/\/www.filmmisiones.iaavim.gob.ar\/?page_id=4109\"><span style=\"font-size: 24pt;\">Museo Hist\u00f3rico Tem\u00e1tico L. N. Alem <span style=\"font-size: 18pt;\">(a<\/span><span style=\"font-size: 18pt;\">ntigua municipalidad)<\/span><\/span><\/a><\/span><\/p>\n<p>[\/chase_text][\/vc_column][vc_column width=\u00bb1\/3&#8243;][vc_single_image image=\u00bb4190&#8243; img_size=\u00bb1024&#215;720&#8243; alignment=\u00bbcenter\u00bb onclick=\u00bbcustom_link\u00bb img_link_target=\u00bb_blank\u00bb css=\u00bb\u00bb link=\u00bbhttps:\/\/www.filmmisiones.iaavim.gob.ar\/?page_id=4197&#8243;][chase_text]<\/p>\n<p style=\"text-align: center;\"><span style=\"font-family: georgia, palatino, serif;\"><a href=\"https:\/\/www.filmmisiones.iaavim.gob.ar\/?page_id=4197\"><span style=\"font-size: 24pt;\">Central Vinoteca<\/span><\/a><\/span><\/p>\n<p>[\/chase_text][\/vc_column][\/vc_row][vc_row][vc_column width=\u00bb1\/3&#8243;][vc_single_image image=\u00bb4340&#8243; img_size=\u00bb1024&#215;720&#8243; alignment=\u00bbcenter\u00bb onclick=\u00bbcustom_link\u00bb img_link_target=\u00bb_blank\u00bb css=\u00bb\u00bb link=\u00bbhttps:\/\/www.filmmisiones.iaavim.gob.ar\/?page_id=4362&#8243;][chase_text]<\/p>\n<p style=\"text-align: center;\"><a href=\"https:\/\/www.filmmisiones.iaavim.gob.ar\/?page_id=4362\"><span style=\"font-size: 24pt;\">El Soberbio<\/span><\/a><\/p>\n<p>[\/chase_text][\/vc_column][vc_column width=\u00bb1\/3&#8243;][vc_single_image css=\u00bb\u00bb][chase_text][\/chase_text][\/vc_column][vc_column width=\u00bb1\/3&#8243;][vc_single_image css=\u00bb\u00bb][chase_text][\/chase_text][\/vc_column][\/vc_row][vc_row][vc_column width=\u00bb1\/3&#8243;][vc_single_image css=\u00bb\u00bb][chase_text][\/chase_text][\/vc_column][vc_column width=\u00bb1\/3&#8243;][vc_single_image css=\u00bb\u00bb][chase_text][\/chase_text][\/vc_column][vc_column width=\u00bb1\/3&#8243;][vc_single_image css=\u00bb\u00bb][chase_text][\/chase_text][\/vc_column][\/vc_row][vc_row][vc_column width=\u00bb1\/3&#8243;][vc_single_image css=\u00bb\u00bb][chase_text][\/chase_text][\/vc_column][vc_column width=\u00bb1\/3&#8243;][vc_single_image css=\u00bb\u00bb][chase_text][\/chase_text][\/vc_column][vc_column width=\u00bb1\/3&#8243;][vc_single_image css=\u00bb\u00bb][chase_text][\/chase_text][\/vc_column][\/vc_row]<\/p>\n<\/div>","protected":false},"excerpt":{"rendered":"<p>[vc_row full_width=\u00bbstretch_row_content\u00bb][vc_column][chase_heading overlay=\u00bbyes\u00bb title=\u00bbCiudades\u00bb image=\u00bb2331&#8243;][\/vc_column][\/vc_row][vc_row][vc_column][chase_text] La provincia de Misiones se caracteriza por su rica diversidad cultural y natural. Su capital, Posadas, se sit\u00faa a la orilla del r\u00edo Paran\u00e1 y es un importante centro comercial y administrativo. Ober\u00e1, conocida por su vibrante vida cultural, celebra numerosos festivales que resaltan sus tradiciones. Puerto Iguaz\u00fa, famosa por [&hellip;]<\/p>\n","protected":false},"author":1,"featured_media":0,"parent":0,"menu_order":0,"comment_status":"closed","ping_status":"closed","template":"","meta":{"footnotes":""},"class_list":["post-2376","page","type-page","status-publish","hentry"],"_links":{"self":[{"href":"https:\/\/www.filmmisiones.iaavim.gob.ar\/index.php?rest_route=\/wp\/v2\/pages\/2376","targetHints":{"allow":["GET"]}}],"collection":[{"href":"https:\/\/www.filmmisiones.iaavim.gob.ar\/index.php?rest_route=\/wp\/v2\/pages"}],"about":[{"href":"https:\/\/www.filmmisiones.iaavim.gob.ar\/index.php?rest_route=\/wp\/v2\/types\/page"}],"author":[{"embeddable":true,"href":"https:\/\/www.filmmisiones.iaavim.gob.ar\/index.php?rest_route=\/wp\/v2\/users\/1"}],"replies":[{"embeddable":true,"href":"https:\/\/www.filmmisiones.iaavim.gob.ar\/index.php?rest_route=%2Fwp%2Fv2%2Fcomments&post=2376"}],"version-history":[{"count":107,"href":"https:\/\/www.filmmisiones.iaavim.gob.ar\/index.php?rest_route=\/wp\/v2\/pages\/2376\/revisions"}],"predecessor-version":[{"id":4115,"href":"https:\/\/www.filmmisiones.iaavim.gob.ar\/index.php?rest_route=\/wp\/v2\/pages\/2376\/revisions\/4115"}],"wp:attachment":[{"href":"https:\/\/www.filmmisiones.iaavim.gob.ar\/index.php?rest_route=%2Fwp%2Fv2%2Fmedia&parent=2376"}],"curies":[{"name":"wp","href":"https:\/\/api.w.org\/{rel}","templated":true}]}}